{"id":5,"date":"2014-12-29T09:35:25","date_gmt":"2014-12-29T09:35:25","guid":{"rendered":"https:\/\/mario-fliesen.de\/wordpress\/?page_id=5"},"modified":"2015-06-22T12:22:55","modified_gmt":"2015-06-22T12:22:55","slug":"ueber-mario-fliesen","status":"publish","type":"page","link":"https:\/\/mario-fliesen.de\/wordpress\/index.php\/ueber-mario-fliesen\/","title":{"rendered":"\u00dcber uns"},"content":{"rendered":"<h2>Kundenzufriedenheit ohne Kompromisse<\/h2>\n<p style=\"text-align: left;\">\n<p style=\"text-align: left;\">Unser Unternehmen wurde am 06.05.1996 in Oebisfelde gegr\u00fcndet. Von Anfang an war es uns sehr wichtig, den Kunden von der Beratung bis hin zur Ausf\u00fchrung ohne Kompromisse zufrieden zu stellen.<br \/>\n<span style=\"line-height: 1.5;\">Unser Auftragsvolumen wuchs von Jahr zu Jahr.<br \/>\nIm Mai 2000 er\u00f6ffneten wir unsere Ausstellung in der Breitenroder Stra\u00dfe 6b. Dadurch waren und sind wir in der Lage, unseren Kunden auch die Komplettleistung anzubieten.<\/span><\/p>\n<p style=\"text-align: left;\">Heute freuen wir uns nunmehr \u00fcber die zahlreichen Besuche von Kunden in unseren Ausstellungsr\u00e4umen.<\/p>\n<p style=\"text-align: left;\"><img loading=\"lazy\" class=\"aligncenter size-full wp-image-175\" src=\"https:\/\/mario-fliesen.de\/wordpress\/wp-content\/uploads\/Grafik_T5_Anhaenger.png\" alt=\"Mario Fliesen Oebisfelde\" width=\"1502\" height=\"666\" srcset=\"https:\/\/mario-fliesen.de\/wordpress\/wp-content\/uploads\/Grafik_T5_Anhaenger.png 1502w, https:\/\/mario-fliesen.de\/wordpress\/wp-content\/uploads\/Grafik_T5_Anhaenger-300x133.png 300w, https:\/\/mario-fliesen.de\/wordpress\/wp-content\/uploads\/Grafik_T5_Anhaenger-1024x454.png 1024w\" sizes=\"(max-width: 1502px) 100vw, 1502px\" \/><\/p>\n","protected":false},"excerpt":{"rendered":"<p>Kundenzufriedenheit ohne Kompromisse Unser Unternehmen wurde am 06.05.1996 in Oebisfelde gegr\u00fcndet. Von Anfang an war es uns sehr wichtig, den Kunden von der Beratung bis hin zur Ausf\u00fchrung ohne Kompromisse zufrieden zu stellen. Unser Auftragsvolumen wuchs von Jahr zu Jahr. Im Mai 2000 er\u00f6ffneten wir unsere Ausstellung in der Breitenroder Stra\u00dfe 6b. Dadurch waren und &hellip; <a href=\"https:\/\/mario-fliesen.de\/wordpress\/index.php\/ueber-mario-fliesen\/\" class=\"more-link\">Continue reading <span class=\"screen-reader-text\">\u00dcber uns<\/span> <span class=\"meta-nav\">&rarr;<\/span><\/a><\/p>\n","protected":false},"author":1,"featured_media":0,"parent":0,"menu_order":0,"comment_status":"closed","ping_status":"open","template":"","meta":[],"_links":{"self":[{"href":"https:\/\/mario-fliesen.de\/wordpress\/index.php\/wp-json\/wp\/v2\/pages\/5"}],"collection":[{"href":"https:\/\/mario-fliesen.de\/wordpress\/index.php\/wp-json\/wp\/v2\/pages"}],"about":[{"href":"https:\/\/mario-fliesen.de\/wordpress\/index.php\/wp-json\/wp\/v2\/types\/page"}],"author":[{"embeddable":true,"href":"https:\/\/mario-fliesen.de\/wordpress\/index.php\/wp-json\/wp\/v2\/users\/1"}],"replies":[{"embeddable":true,"href":"https:\/\/mario-fliesen.de\/wordpress\/index.php\/wp-json\/wp\/v2\/comments?post=5"}],"version-history":[{"count":23,"href":"https:\/\/mario-fliesen.de\/wordpress\/index.php\/wp-json\/wp\/v2\/pages\/5\/revisions"}],"predecessor-version":[{"id":176,"href":"https:\/\/mario-fliesen.de\/wordpress\/index.php\/wp-json\/wp\/v2\/pages\/5\/revisions\/176"}],"wp:attachment":[{"href":"https:\/\/mario-fliesen.de\/wordpress\/index.php\/wp-json\/wp\/v2\/media?parent=5"}],"curies":[{"name":"wp","href":"https:\/\/api.w.org\/{rel}","templated":true}]}}